reatest common factor of 68128819 and 1837?
1837
What is the highest common divisor of 5325780 and 8436?
444
Calculate the highest common divisor of 730 and 36495182.
146
What is the highest common divisor of 3416 and 1165360?
56
What is the greatest common factor of 403 and 16673071?
31
What is the highest common divisor of 15 and 6476005?
5
What is the greatest common factor of 116 and 287823724?
116
What is the highest common divisor of 30 and 120451630?
10
What is the highest common factor of 32 and 108452320?
32
Calculate the highest common factor of 20175 and 245808165.
4035
What is the greatest common divisor of 59995 and 102453?
923
What is the highest common factor of 843880610 and 565?
565
What is the greatest common divisor of 114 and 21168052?
38
Calculate the highest common factor of 1176 and 865634000.
392
What is the greatest common divisor of 10215028 and 1972?
68
What is the greatest common divisor of 404334 and 51786?
126
Calculate the highest common divisor of 215836920 and 2340.
2340
What is the highest common factor of 18960 and 27570?
30
What is the greatest common divisor of 8974 and 22654222?
1282
What is the greatest common divisor of 1048219 and 49?
1
What is the highest common factor of 53522472 and 1269?
141
What is the greatest common divisor of 8155576 and 1001?
143
What is the greatest common divisor of 378150 and 39550?
50
What is the greatest common divisor of 10 and 532860?
10
Calculate the greatest common divisor of 13429979 and 38.
19
What is the highest common factor of 32 and 27149960?
8
What is the highest common factor of 279423712 and 96?
32
Calculate the highest common factor of 68620634 and 668.
334
What is the highest common factor of 486711 and 217177?
41
Calculate the greatest common factor of 84728798 and 16093.
847
What is the greatest common divisor of 319 and 942587?
29
Calculate the greatest common divisor of 6066034 and 221182.
4706
What is the highest common divisor of 11575328 and 20768?
1888
What is the highest common factor of 109092613 and 21?
7
Calculate the greatest common divisor of 3767 and 77483423.
3767
Calculate the greatest common divisor of 18745 and 2162.
23
Calculate the highest common factor of 1788 and 6091716.
1788
What is the highest common factor of 58106061 and 124722?
4797
What is the highest common factor of 1225 and 4417105?
245
Calculate the greatest common divisor of 1408 and 2847328.
352
Calculate the highest common divisor of 135 and 5315085.
135
Calculate the greatest common divisor of 1218945 and 8827.
91
What is the highest common divisor of 616 and 20008098?
22
Calculate the greatest common divisor of 3135408 and 23568.
48
What is the highest common divisor of 7390710 and 36890?
310
What is the highest common factor of 1785 and 71384530?
595
What is the greatest common divisor of 24 and 11951994?
6
Calculate the greatest common divisor of 507 and 1037946.
39
Calculate the greatest common divisor of 158 and 783749836.
158
What is the highest common divisor of 4173 and 2890446?
39
What is the highest common divisor of 177983338 and 65?
13
Calculate the greatest common factor of 2261729 and 341.
31
Calculate the highest common factor of 5967572 and 260.
52
What is the greatest common divisor of 2460 and 1733070?
1230
Calculate the greatest common factor of 16966 and 33218.
34
What is the highest common factor of 882 and 15572718?
126
What is the greatest common factor of 186960400 and 70400?
4400
What is the highest common factor of 4473 and 272097?
63
Calculate the greatest common factor of 84930105 and 60.
15
What is the greatest common divisor of 25109 and 64697031?
1477
Calculate the highest common divisor of 5746776 and 58144.
632
Calculate the highest common divisor of 113616451 and 65.
13
Calculate the greatest common divisor of 16779 and 2679999.
357
Calculate the highest common factor of 364663158 and 102.
102
Calculate the highest common divisor of 9010204 and 17612.
476
Calculate the highest common factor of 3872931 and 7527.
579
What is the greatest common divisor of 624362 and 97310?
526
Calculate the greatest common factor of 25060 and 972780.
20
What is the highest common factor of 1041131634 and 1818?
606
What is the greatest common factor of 1853848295 and 6955?
6955
What is the greatest common factor of 1368377 and 13?
1
Calculate the highest common divisor of 209751 and 238107.
417
What is the highest common factor of 2488531 and 597011?
5911
What is the greatest common factor of 1957613 and 7?
7
Calculate the greatest common factor of 22688979 and 291.
291
What is the greatest common divisor of 552 and 130049912?
184
Calculate the highest common divisor of 756392 and 239330.
182
Calculate the highest common factor of 26059444 and 244.
244
Calculate the greatest common divisor of 45 and 70974405.
45
What is the greatest common divisor of 2736490 and 4845?
85
What is the highest common divisor of 3314 and 23131720?
3314
What is the highest common factor of 35339523 and 138?
69
What is the greatest common divisor of 3617703 and 1239?
177
What is the greatest common divisor of 6419304 and 63732?
1356
Calculate the greatest common factor of 911257543 and 3199.
3199
What is the highest common divisor of 36 and 1013972?
4
What is the greatest common factor of 84687 and 261?
3
Calculate the greatest common factor of 368013 and 23058.
183
Calculate the greatest common divisor of 5511117 and 249.
249
What is the highest common factor of 692343 and 99072?
387
Calculate the greatest common factor of 24 and 76934592.
24
Calculate the highest common factor of 15085 and 69720.
35
What is the highest common divisor of 184 and 6245204904?
184
Calculate the greatest common factor of 7 and 345952649.
7
What is the greatest common factor of 95637 and 1226667?
213
Calculate the greatest common factor of 17153609 and 21571.
583
What is the highest common factor of 10 and 43392530?
10
Calculate the highest common divisor of 11271783 and 3.
3
What is the highest common divisor of 13895154 and 78?
78
What is the highest common factor of 7640787 and 324849?
651
Calculate the highest common divisor of 9231 and 50712037.
3077
What is the highest common divisor of 1741000 and 800?
200
Calculate the greatest common factor of 46089040 and 272.
272
Calculate the highest common divisor of 2255879 and 1145.
229
Calculate the highest common factor of 376457 and 10767.
97
What is the highest common factor of 8653 and 29331634?
509
Calculate the highest common divisor of 15596716 and 1246.
178
What is the highest common divisor of 115976 and 42062010?
4142
Calculate the highest common divisor of 21330 and 23516720.
790
Calculate the greatest common factor of 4447275 and 80625.
3225
Calculate the greatest common factor of 69913 and 109475.
151
What is the greatest common factor of 1490 and 10795944?
298
Calculate the greatest common factor of 26445 and 307295.
205
Calculate the highest common divisor of 848 and 597056.
16
Calculate the highest common factor of 492100822 and 4910.
982
Calculate the greatest common divisor of 169252 and 125236.
524
What is the highest common divisor of 15991576 and 32?
8
What is the greatest common divisor of 10 and 4551095?
5
What is the greatest common divisor of 4518 and 1091898?
18
Calculate the highest common divisor of 168 and 30459288.
24
Calculate the greatest common factor of 21671370 and 11480.
2870
Calculate the greatest common factor of 576387 and 151137.
63
Calculate the highest common factor of 827631 and 2291.
29
What is the highest common factor of 1796859 and 954?
477
Calculate the highest common factor of 16413985 and 35.
35
Calculate the highest common factor of 22036177 and 16449.
5483
Calculate the highest common divisor of 18230840 and 238640.
6280
What is the highest common factor of 5591306 and 28?
14
What is the highest common divisor of 17484471 and 144018?
3429
What is the highest common factor of 37645842 and 66092?
806
What is the greatest common divisor of 220 and 2772650?
10
Calculate the highest common divisor of 11853766 and 104.
2
What is the highest common factor of 29743284 and 5464?
2732
What is the highest common divisor of 2106 and 19590012?
2106
Calculate the greatest common divisor of 410 and 704420.
10
